{"id":920,"date":"2026-02-03T20:01:01","date_gmt":"2026-02-03T20:01:01","guid":{"rendered":"https:\/\/acceso.svet.gob.gt\/wpsvet\/?page_id=920"},"modified":"2026-02-03T20:02:31","modified_gmt":"2026-02-03T20:02:31","slug":"tablero-dinamico","status":"publish","type":"page","link":"https:\/\/acceso.svet.gob.gt\/wpsvet\/index.php\/tablero-dinamico\/","title":{"rendered":"Tablero dinamico"},"content":{"rendered":"\t\t<div data-elementor-type=\"wp-page\" data-elementor-id=\"920\" class=\"elementor elementor-920\" data-elementor-post-type=\"page\">\n\t\t\t\t<div class=\"elementor-element elementor-element-3441167 e-flex e-con-boxed e-con e-parent\" data-id=\"3441167\" data-element_type=\"container\" data-e-type=\"container\">\n\t\t\t\t\t<div class=\"e-con-inner\">\n\t\t\t\t<div class=\"elementor-element elementor-element-5390166 elementor-widget elementor-widget-shortcode\" data-id=\"5390166\" data-element_type=\"widget\" data-e-type=\"widget\" data-widget_type=\"shortcode.default\">\n\t\t\t\t\t\t\t<div class=\"elementor-shortcode\"><iframe title=\"DashboarSVETF\" width=\"600\" height=\"373.5\" src=\"https:\/\/app.powerbi.com\/view?r=eyJrIjoiNTNjYzM2MzgtNjBlMy00ZWRlLTg4MTItOGY4NzA3NmM4YTczIiwidCI6IjI0MjE3OThiLWRlNDEtNDAzYS05ZmRhLTVlZThlYjZmMWZmNyIsImMiOjl9\" frameborder=\"0\" allowFullScreen=\"true\"><\/iframe><\/div>\n\t\t\t\t\t\t<\/div>\n\t\t\t\t\t<\/div>\n\t\t\t\t<\/div>\n\t\t<div class=\"elementor-element elementor-element-c5b66b4 e-flex e-con-boxed e-con e-parent\" data-id=\"c5b66b4\" data-element_type=\"container\" data-e-type=\"container\">\n\t\t\t\t\t<div class=\"e-con-inner\">\n\t\t\t\t<div class=\"elementor-element elementor-element-7e11681 elementor-widget elementor-widget-html\" data-id=\"7e11681\" data-element_type=\"widget\" data-e-type=\"widget\" data-widget_type=\"html.default\">\n\t\t\t\t\t<input type=\"checkbox\" id=\"menu-check\" hidden>\n\n<div class=\"wp-header-responsive\">\n\n<style>\n\/* ================= RESET ================= *\/\n*{\n  box-sizing:border-box;\n}\nul, li{\n  list-style:none;\n  margin:0;\n  padding:0;\n}\n\n\/* ================= BODY ================= *\/\nbody{\n  margin:0;\n  padding-top:70px;\n  font-family:Arial, sans-serif;\n}\n\n\/* ================= HEADER ================= *\/\n.wp-header-responsive{\n  position:fixed;\n  top:0;\n  left:0;\n  width:100%;\n  z-index:10000;\n}\n\n.header-contenedor{\n  background:#273053;\n  height:70px;\n  display:flex;\n  align-items:center;\n  justify-content:space-between;\n  padding:0 20px;\n}\n\n\/* ================= LOGO ================= *\/\n.logo-contenedor{\n  background:#fff;\n  padding:6px 10px;\n  border-radius:10px;\n  box-shadow:0 2px 8px rgba(0,0,0,.15);\n  display:flex;\n  align-items:center;\n}\n.logo-header{\n  max-height:44px;\n}\n\n\/* ================= HAMBURGUESA ================= *\/\n.menu-toggle{\n  display:none;\n  cursor:pointer;\n}\n.menu-toggle span{\n  width:28px;\n  height:4px;\n  background:#fff;\n  margin:4px 0;\n  display:block;\n  border-radius:2px;\n}\n\n\/* ================= MEN\u00da ESCRITORIO ================= *\/\n.menu-escritorio{\n  display:flex;\n  gap:40px;\n  margin:0 auto;\n}\n.menu-escritorio > li{\n  position:relative;\n}\n.menu-escritorio a{\n  color:#fff;\n  text-decoration:none;\n  padding:10px 14px;\n  font-weight:600;\n  display:block;\n}\n.menu-escritorio a:hover{\n  background:rgba(255,255,255,.2);\n  border-radius:6px;\n}\n\n\/* ===== Submen\u00fa escritorio ===== *\/\n.submenu-header{\n  position:absolute;\n  top:100%;\n  left:0;\n  background:#fff;\n  min-width:240px;\n  border-radius:8px;\n  box-shadow:0 8px 16px rgba(0,0,0,.15);\n  padding:8px 0;\n  opacity:0;\n  visibility:hidden;\n  transform:translateY(8px);\n  transition:.25s ease;\n  z-index:999;\n}\n.submenu-header a{\n  color:#273053;\n  padding:10px 20px;\n}\n.submenu-header a:hover{\n  background:#f1f4fa;\n  color:#0d47a1;\n}\n.has-submenu:hover .submenu-header{\n  opacity:1;\n  visibility:visible;\n  transform:translateY(0);\n}\n\n\/* Submen\u00fa anidado (Modo Digital) *\/\n.menu-escritorio .submenu-header .has-submenu {\n  position: relative;\n}\n.menu-escritorio .submenu-header .has-submenu .submenu-header {\n  position: absolute;\n  top: 0;\n  left: 100%;\n  background: #fff;\n  min-width: 220px;\n  padding: 8px 0;\n  border-radius: 8px;\n  box-shadow: 0 8px 16px rgba(0,0,0,.15);\n  opacity: 0;\n  visibility: hidden;\n  transform: translateY(8px);\n  transition: .25s ease;\n  z-index: 9999;\n}\n.menu-escritorio .submenu-header .has-submenu:hover .submenu-header {\n  opacity: 1;\n  visibility: visible;\n  transform: translateY(0);\n}\n\n\/* ================= MEN\u00da M\u00d3VIL ================= *\/\n#menu-mobile{\n  display:none;\n}\n\n@media(max-width:768px){\n  .menu-toggle{\n    display:flex;\n    flex-direction:column;\n  }\n  .menu-escritorio{\n    display:none;\n  }\n  #menu-mobile{\n    display:block;\n    position:fixed;\n    top:0;\n    left:0;\n    width:320px;\n    height:100vh;\n    background:#273053;\n    padding-top:80px;\n    transform:translateX(-100%);\n    transition:transform .4s ease;\n    overflow-y:auto;\n    z-index:9999;\n  }\n  #menu-check:checked ~ .wp-header-responsive #menu-mobile{\n    transform:translateX(0);\n  }\n  .mobile-nav a{\n    display:block;\n    padding:16px 20px;\n    color:#fff;\n    text-decoration:none;\n    font-weight:600;\n  }\n  .submenu{\n    background:#2f3753;\n    max-height:0;\n    overflow:hidden;\n    transition:max-height .4s ease;\n  }\n  .submenu a{\n    padding:12px 30px;\n    color:#e0e0e0;\n    font-weight:normal;\n  }\n  .submenu a:hover{\n    background:#3c4567;\n  }\n  .has-submenu.open .submenu{\n    max-height:1000px;\n  }\n  .arrow{\n    float:right;\n    transition:transform .3s;\n  }\n  .has-submenu.open .arrow{\n    transform:rotate(90deg);\n  }\n  .submenu-explotacion {\n    background:#2f3753;\n    max-height:0;\n    overflow:hidden;\n    transition:max-height .4s ease;\n  }\n  .has-submenu.open .submenu-explotacion{\n    max-height:300px;\n  }\n}\n<\/style>\n\n<div class=\"header-contenedor\">\n  <label for=\"menu-check\" class=\"menu-toggle\">\n    <span><\/span>\n    <span><\/span>\n    <span><\/span>\n  <\/label>\n  <ul class=\"menu-escritorio\">\n    <li class=\"has-submenu\">\n      <a href=\"https:\/\/acceso.svet.gob.gt\/wpsvet\/index.php\/inicio\/\">Principal<\/a>\n      <ul class=\"submenu-header\">\n        <li><a href=\"https:\/\/acceso.svet.gob.gt\/wpsvet\/index.php\/autoridad\/\">Autoridad<\/a><\/li>\n        <li><a href=\"https:\/\/acceso.svet.gob.gt\/wpsvet\/index.php\/quienes-somos\/\">\u00bfQui\u00e9nes somos?<\/a><\/li>\n      <\/ul>\n    <\/li>\n    <li class=\"has-submenu\">\n      <a href=\"#\">\u00c1reas de Trabajo<\/a>\n      <ul class=\"submenu-header\">\n        <li><a href=\"https:\/\/acceso.svet.gob.gt\/wpsvet\/index.php\/violencia-sexual\/\">Violencia Sexual<\/a><\/li>\n        <li class=\"has-submenu\">\n          <a href=\"https:\/\/acceso.svet.gob.gt\/wpsvet\/index.php\/explotacion-2\/\">Explotaci\u00f3n<\/a>\n          <ul class=\"submenu-header\">\n            <li><a href=\"https:\/\/mododigital.net.gt\/\">Modo Digital<\/a><\/li>\n          <\/ul>\n        <\/li>\n        <li><a href=\"https:\/\/acceso.svet.gob.gt\/wpsvet\/index.php\/trata-de-personas-2\/\">Trata de personas<\/a><\/li>\n        <li><a href=\"https:\/\/acceso.svet.gob.gt\/wpsvet\/index.php\/campanas\/\">Campa\u00f1as<\/a><\/li>\n      <\/ul>\n    <\/li>\n    <li class=\"has-submenu\">\n      <a href=\"#\">Datos Estad\u00edsticos<\/a>\n      <ul class=\"submenu-header\">\n        <li><a href=\"\/reportes\">Reportes<\/a><\/li>\n        <li><a href=\"\/graficas\">Gr\u00e1ficas<\/a><\/li>\n        <li><a href=\"\/estudios\">Estudios<\/a><\/li>\n      <\/ul>\n    <\/li>\n    <li class=\"has-submenu\">\n      <a href=\"#\">Transparencia Institucional<\/a>\n      <ul class=\"submenu-header\">\n        <li><a href=\"\/transparencia\">Transparencia<\/a><\/li>\n        <li><a href=\"\/documentos\">Documentos<\/a><\/li>\n        <li><a href=\"\/normativas\">Normativas<\/a><\/li>\n      <\/ul>\n    <\/li>\n  <\/ul>\n  <div class=\"logo-contenedor\">\n    <img decoding=\"async\" src=\"https:\/\/acceso.svet.gob.gt\/wpsvet\/wp-content\/uploads\/2025\/08\/logo.png\" class=\"logo-header\" alt=\"SVET\">\n  <\/div>\n<\/div>\n\n<nav id=\"menu-mobile\" class=\"mobile-nav\">\n  <ul>\n    <li class=\"has-submenu\">\n      <a href=\"#\">Principal <span class=\"arrow\">\u25b6<\/span><\/a>\n      <div class=\"submenu\">\n        <a href=\"https:\/\/acceso.svet.gob.gt\/wpsvet\/index.php\/autoridad\/\">Autoridad<\/a>\n        <a href=\"https:\/\/acceso.svet.gob.gt\/wpsvet\/index.php\/quienes-somos\/\">\u00bfQui\u00e9nes somos?<\/a>\n      <\/div>\n    <\/li>\n    <li class=\"has-submenu\">\n      <a href=\"#\">\u00c1reas de Trabajo <span class=\"arrow\">\u25b6<\/span><\/a>\n      <div class=\"submenu\">\n        <a href=\"https:\/\/acceso.svet.gob.gt\/wpsvet\/index.php\/violencia-sexual\/\">Violencia Sexual<\/a>\n        <div class=\"has-submenu\">\n          <a href=\"#\">Explotaci\u00f3n <span class=\"arrow\">\u25b6<\/span><\/a>\n          <div class=\"submenu-explotacion\">\n            <a href=\"https:\/\/mododigital.net.gt\/\">Modo Digital<\/a>\n          <\/div>\n        <\/div>\n        <a href=\"https:\/\/acceso.svet.gob.gt\/wpsvet\/index.php\/trata-de-personas-2\/\">Trata de personas<\/a>\n        <a href=\"https:\/\/acceso.svet.gob.gt\/wpsvet\/index.php\/campanas\/\">Campa\u00f1as<\/a>\n      <\/div>\n    <\/li>\n    <li class=\"has-submenu\">\n      <a href=\"#\">Datos Estad\u00edsticos <span class=\"arrow\">\u25b6<\/span><\/a>\n      <div class=\"submenu\">\n        <a href=\"\/reportes\">Reportes<\/a>\n        <a href=\"\/graficas\">Gr\u00e1ficas<\/a>\n        <a href=\"\/estudios\">Estudios<\/a>\n      <\/div>\n    <\/li>\n    <li class=\"has-submenu\">\n      <a href=\"#\">Transparencia Institucional <span class=\"arrow\">\u25b6<\/span><\/a>\n      <div class=\"submenu\">\n        <a href=\"\/transparencia\">Transparencia<\/a>\n        <a href=\"\/documentos\">Documentos<\/a>\n        <a href=\"\/normativas\">Normativas<\/a>\n      <\/div>\n    <\/li>\n  <\/ul>\n<\/nav>\n\n<\/div>\n\n<script>\ndocument.addEventListener(\"DOMContentLoaded\", function(){\n  document.querySelectorAll(\".has-submenu > a\").forEach(link => {\n    link.addEventListener(\"click\", function(e){\n      if(window.innerWidth <= 768){\n        e.preventDefault();\n        this.parentElement.classList.toggle(\"open\");\n      }\n    });\n  });\n});\n<\/script>\t\t\t\t<\/div>\n\t\t\t\t\t<\/div>\n\t\t\t\t<\/div>\n\t\t\t\t<\/div>\n\t\t","protected":false},"excerpt":{"rendered":"<p>Principal Autoridad \u00bfQui\u00e9nes somos? \u00c1reas de Trabajo Violencia Sexual Explotaci\u00f3n Modo Digital Trata de personas Campa\u00f1as Datos Estad\u00edsticos Reportes Gr\u00e1ficas Estudios Transparencia Institucional Transparencia Documentos Normativas Principal \u25b6 Autoridad \u00bfQui\u00e9nes somos? \u00c1reas de Trabajo \u25b6 Violencia Sexual Explotaci\u00f3n \u25b6 Modo Digital Trata de personas Campa\u00f1as Datos Estad\u00edsticos \u25b6 Reportes Gr\u00e1ficas Estudios Transparencia Institucional \u25b6 Transparencia [&hellip;]<\/p>\n","protected":false},"author":1,"featured_media":0,"parent":0,"menu_order":0,"comment_status":"closed","ping_status":"closed","template":"elementor_header_footer","meta":{"footnotes":""},"class_list":["post-920","page","type-page","status-publish","hentry"],"_links":{"self":[{"href":"https:\/\/acceso.svet.gob.gt\/wpsvet\/index.php\/wp-json\/wp\/v2\/pages\/920","targetHints":{"allow":["GET"]}}],"collection":[{"href":"https:\/\/acceso.svet.gob.gt\/wpsvet\/index.php\/wp-json\/wp\/v2\/pages"}],"about":[{"href":"https:\/\/acceso.svet.gob.gt\/wpsvet\/index.php\/wp-json\/wp\/v2\/types\/page"}],"author":[{"embeddable":true,"href":"https:\/\/acceso.svet.gob.gt\/wpsvet\/index.php\/wp-json\/wp\/v2\/users\/1"}],"replies":[{"embeddable":true,"href":"https:\/\/acceso.svet.gob.gt\/wpsvet\/index.php\/wp-json\/wp\/v2\/comments?post=920"}],"version-history":[{"count":4,"href":"https:\/\/acceso.svet.gob.gt\/wpsvet\/index.php\/wp-json\/wp\/v2\/pages\/920\/revisions"}],"predecessor-version":[{"id":924,"href":"https:\/\/acceso.svet.gob.gt\/wpsvet\/index.php\/wp-json\/wp\/v2\/pages\/920\/revisions\/924"}],"wp:attachment":[{"href":"https:\/\/acceso.svet.gob.gt\/wpsvet\/index.php\/wp-json\/wp\/v2\/media?parent=920"}],"curies":[{"name":"wp","href":"https:\/\/api.w.org\/{rel}","templated":true}]}}